eatest common divisor of n and s.
24
Let q(r) = -r**3 - 6*r**2 - r + 7. Let j be q(-6). Suppose -2*o - 4*h + 466 = 0, -2*o - 391*h = -392*h - 436. What is the greatest common factor of o and j?
13
Suppose 3*g + 3276 = -6*g. Let h = g - -551. Calculate the greatest common divisor of 17 and h.
17
Suppose -28*t + 3506 = -1646. Suppose 230 = -284*a + 285*a. Calculate the greatest common divisor of t and a.
46
Suppose 43363 = 29*x - 28992. What is the highest common divisor of x and 5?
5
Let c be (-11)/(495/10) + 29/9. Suppose -69 = -3*i - c*f, 27 + 40 = 4*i - f. Calculate the greatest common divisor of 162 and i.
18
Suppose 0 = 5*n - 104 - 246. Suppose -3*y = -20 + 41. Let l be 7 - (y - (-5 + 5)). What is the highest common factor of l and n?
14
Suppose 8*y = 7*y + 21. Suppose -15*x + y*x = 324. Calculate the highest common factor of x and 594.
54
Let x = 21 + -17. Suppose -4*i = -5*i + x*n - 4, 4*i = 5*n - 71. Let l be 26*27/i*-4. Calculate the greatest common factor of l and 13.
13
Let a be -1 + (-1)/1 - -4. Let r be (-38)/(-2) - (1 - a). Let p be (-675)/(-5) - 3*((-40)/3)/8. What is the greatest common divisor of p and r?
20
Let p be (-9)/(-12) - (-7)/(-4). Let h be (p/3 - (-3 - -4))*-3. Suppose 13*b - h*b - 261 = 0. Calculate the highest common factor of b and 145.
29
Let x be ((-8)/192*-18)/((-1)/356). Let s = 342 + x. What is the greatest common divisor of s and 45?
15
Let m be (-20*(-5)/(-125))/(1 - (-9513)/(-9510)). Calculate the highest common factor of m and 4.
4
Suppose 3*b + 69 - 57 = 0, 1300 = u + 5*b. What is the highest common divisor of 480 and u?
120
Let i = 6744 - 6684. What is the greatest common divisor of i and 1220?
20
Suppose -r - v - 27 = -212, r - v - 193 = 0. Suppose -r = -5*k + 11. Suppose -3*a = 2*z - 190, -z - 1 = -6. What is the highest common factor of k and a?
20
Suppose 359*h = 1812844 + 3219618. What is the highest common factor of h and 86?
86
Let l(h) = -12*h**2 - 3*h + 11*h**2 + 2*h - 1 - 5*h. Let a be l(-6). Let g = 29 + a. What is the greatest common factor of g and 140?
28
Suppose -5*b - 1582 = -13*g, g - 69 = -b + 61. Calculate the highest common factor of 16 and g.
4
Suppose 0*x + 441 = 2*x + 5*l, -x + 215 = -3*l. Let c = 225 - x. Calculate the greatest common factor of c and 413.
7
Suppose 0 = 5*z + 5*h - 55, z + 4*h + 5 = 4*z. Let s = -83 + 83. Suppose -z*r = -s*r - 14. Calculate the highest common divisor of r and 3.
1
Let i be (-1521 + 12)/(5/(275/(-15))). Calculate the greatest common factor of i and 33.
11
Let q = -608 + 672. What is the greatest common divisor of q and 608?
32
Suppose -s - 2375 = -26*s. Suppose 0 = 5*m + 5*b - 75, 4*b = 4*m + b - s. What is the greatest common factor of 180 and m?
20
Let h = -66 + 70. Suppose 4*x = -2*t - 22, h*x + 28 - 3 = t. Let a(w) = -w**3 - 2*w**2 - 3*w - 2. Let l be a(x). What is the greatest common factor of 64 and l?
32
Suppose 31*u - 404450 = -275137 + 475776. What is the greatest common factor of 149 and u?
149
Let n(u) = -u**3 + 9*u + 6. Let k be n(-4). Let c = 389 - 202. Calculate the highest common divisor of k and c.
17
Let m = 1544 - 1484. What is the greatest common factor of 528 and m?
12
Suppose 58*w - 56*w - 3454 = 0. Suppose 1723*r = w*r - 504. Calculate the highest common divisor of r and 56.
14
Suppose 1670 - 5374 = 8*g. Let u = -283 - g. Calculate the highest common factor of u and 144.
36
Let g(d) = 3*d**3 - 335*d**2 - 107*d - 533. Let c be g(112). Calculate the highest common factor of c and 312.
3
Let i = -4389 + 4402. Calculate the greatest common divisor of i and 7423.
13
Let q be (1 - 0) + 105/(-5). Let x(k) = -7*k - 139. Let y be x(q). Calculate the greatest common divisor of 2 and y.
1
Let g be -30*(105984/(-30))/16. Calculate the greatest common factor of 96 and g.
96
Let h = -434 - -492. Suppose -5*l + 3*c + 60 = -h, 0 = c + 1. Calculate the highest common divisor of 621 and l.
23
Suppose -q = 4*h - 6, -38 = -4*q - 5*h + 3*h. Suppose -2*t = t - 6, 3*a + 5*t = q. Suppose a = 4*x - 12 - 108. Calculate the highest common factor of x and 45.
15
Let c be 504 + 54/(-252)*(-6 - 1)*2. What is the highest common divisor of c and 12?
3
Let f = 5509 + -5313. Calculate the greatest common factor of 112 and f.
28
Let y = -25 - -37. Suppose -4*o + y + 28 = 0. Suppose -q + 6*q + 5 = 0, 2*j - 218 = -2*q. Calculate the highest common factor of o and j.
10
Suppose -y = -2*s - 14, 3*y - 5*y + 3*s = -27. Suppose 2*j - 5*k = 2 + 2, 2*j - k = y. What is the highest common factor of 315 and j?
7
Suppose -24*f - 35 = -31*f. Suppose 0*s - 316 = -2*p + s, 0 = 3*p - f*s - 460. What is the greatest common factor of p and 96?
32
Let l = -768 - -1500. Suppose 0 = 11*m - 588 - l. Suppose 5*j - 3*t - 123 = j, 0 = 2*j - 5*t - 65. Calculate the highest common divisor of j and m.
30
Let m = 59 + -65. Let o be (m/(-4)*22)/1. Suppose -173 = -s - o. What is the highest common divisor of s and 28?
28
Let o be ((-12)/42)/(2/(-14)). Suppose h + 224 = o*i - 3*h, -5*i = 5*h - 620. What is the greatest common divisor of i and 160?
40
Let v(q) = 786*q**3 - 9*q**2 - 7*q + 1. Let y be v(2). Calculate the highest common factor of 17 and y.
17
Let s(u) = 2*u**2 + 44*u - 50. Let j be s(-30). Calculate the highest common divisor of j and 10.
10
Suppose -z + 2*g = -6, -3*z - 3*g + 10 - 1 = 0. Let u(w) = 44*w**2 + 7*w - 11. Let l be u(z). What is the highest common factor of 7 and l?
7
Suppose -c - 107 = -3*s + 6, -546 = 5*c + 4*s. Let a = c + 124. Calculate the highest common factor of a and 112.
14
Let t be (-2)/9*-1 - (5 - 4204/36). What is the greatest common factor of 2716 and t?
28
Suppose h = r + 2, -5*h + 13 + 15 = 4*r. Suppose 17*m - 3276 = h*m. Calculate the highest common factor of 21 and m.
21
Let d be (-47)/(-9) - 22/99. Suppose -11 = -5*i + 5*k + 34, 4*k = -3*i - 8. Suppose 10*h - 12*h = -i. What is the highest common divisor of h and d?
1
Let h(p) be the first derivative of 2*p**3/3 + 9*p**2/2 + 6*p + 56. Let r be h(-5). Calculate the highest common divisor of 264 and r.
11
Suppose 0 = -379*m + 459*m - 320. Calculate the highest common divisor of 1852 and m.
4
Let i(q) = q + 14. Let w be i(-6). Suppose -147 + 957 = 15*p. Suppose -u - 5*t = -48, -t - p = -u - 6. What is the greatest common factor of u and w?
8
Suppose 3*i = -r + 16, -2*r + 2*i - 4 = -r. Suppose -r*q + 79 = 35. Calculate the highest common factor of q and 33.
11
Let w be -5 + 10 + 45 + 1 + 3. Suppose 4*l - 4*v - 66 = 126, -l - 2*v + w = 0. What is the greatest common factor of 350 and l?
50
Let v = -307 + 315. Let u(j) = -j**2 + 10*j - 2. Let s be u(8). Let t = 78 - s. Calculate the greatest common factor of v and t.
8
Let f be ((-87)/(-58))/(6/2432). Let n be (15 - 7)*(2 + (-1 - -3)). What is the highest common divisor of n and f?
32
Let b(z) = -53*z - 105. Let a be b(-5). Suppose -4*v + a = -108. What is the highest common divisor of 536 and v?
67
Let m be (-18 + 18)/(-1*3). Suppose 4*p - 15*p + 1221 = m. Calculate the greatest common factor of 6 and p.
3
Let k be (-114)/57*(1 + 1). Let p be (-4 - 4)*k - -10. Suppose 247 = 4*w - 5*j, -w - 2*j + 91 - 26 = 0. What is the highest common divisor of w and p?
21
Suppose -53*j + 2*t - 18 = -55*j, 4*j + 2*t - 34 = 0. Calculate the greatest common factor of j and 76.
4
Suppose 1539 = h + 5*f - 337, 5548 = 3*h - 5*f. What is the highest common factor of h and 96?
32
Let z = -154 - -154. Let m(y) = 6*y + 30. Let f be m(z). Calculate the greatest common factor of f and 90.
30
Suppose -1077*k = -1003*k - 314426. Calculate the greatest common divisor of 14 and k.
7
Suppose -74*b = -66*b - g - 2121, -219 = -b - 5*g. What is the highest common divisor of 11968 and b?
88
Let h(f) = 278*f - f**2 + 1 + 1 + 57*f**3 - 278*f. Let a be h(1). What is the greatest common factor of a and 406?
58
Suppose -4*y = -z - 318, -3*z + 199 = 3*y - 47. What is the highest common divisor of y and 1912?
8
Let u be (0 - 891)/((-18)/6). Calculate the highest common factor of 684 and u.
9
Let n(t) = 3*t**3 - 3*t**2 - 11*t - 4. Let p be n(-3). Let q = p - -199. Calculate the highest common factor of q and 30.
30
Let y(p) be the first derivative of -p**4/4 - 4*p**3/3 + 20*p + 8. Let o be y(-5). What is the highest common factor of o and 5?
5
Let m be 0/(2 - 1 - 4) - -2. Suppose y - m*w + 200